 remainder when h(0) is divided by a?
28
Let q be (-3 - -4)/(2/(-320)). Let j be ((-8)/5)/((-8)/q). Let y = 45 + j. What is the remainder when 37 is divided by y?
11
Let m = 1153 - 1035. What is the remainder when m is divided by 24?
22
Calculate the remainder when (0/(-2) - -36) + (-668)/167 is divided by 25.
7
Suppose 0 = -k + 3, t + 135 = 4*t + k. Suppose -t = -g - g. Calculate the remainder when 87 is divided by g.
21
Let w(k) = k + 8. Let p be w(11). Let b = p + -1. Calculate the remainder when 52 + -2 + 2 + 0 is divided by b.
16
Let d(a) = -a**3 + 27*a**2 + 34*a + 13. What is the remainder when d(28) is divided by 23?
20
Suppose -18*n = -30*n + 1176. Calculate the remainder when n is divided by 51.
47
Let k(h) = h**3 - 3*h**2 - 11*h + 12. Let y be k(5). Suppose -2*j + 31 = -y. What is the remainder when (-154)/(-4) + 15/(-10) is divided by j?
18
Let x = -142 + 145. Calculate the remainder when 12 is divided by x.
0
Let i(w) = w**3 - 13*w**2 + 45*w + 2. Let m be 47 - ((-3)/3 + 1). Let q = -27 + m. Calculate the remainder when i(4) is divided by q.
18
Suppose 135 = 5*y + 3*s, 53 = 3*y + 2*s - 29. Let h = y + -24. Suppose -n + h*b - 2*b + 68 = 0, 91 = 2*n - 5*b. What is the remainder when n is divided by 15?
13
Suppose 106*d = 102*d + 88. Suppose d*b - 372 = 10*b. What is the remainder when b is divided by 11?
9
Suppose -4*x + 49 = m, -2*x + m + 39 = 2*x. Let i = x + 19. What is the remainder when 116 is divided by i?
26
Let t = -34 + 94. Let w(y) = -y**2 + 4*y + 5. Let d be w(4). Suppose 7*h - d*h = 42. What is the remainder when t is divided by h?
18
Suppose -5*v + 4*b = 0, 2*v + 5*b = -2*v + 41. Let p = -16 + 21. Suppose c = p*c + v*l - 72, 0 = 3*l - 3. Calculate the remainder when 33 is divided by c.
16
Suppose 3*x - 428 = -4*l, x + 0*x + 444 = 4*l. Calculate the remainder when 1*l/5 + -5 is divided by 5.
2
Let b = -5 + 4. Let r = 27 - b. Calculate the remainder when 81 is divided by r.
25
Suppose 97 = 2*s - 13. Suppose -3*k + 40 = -f, 9 = k - 2*f - 1. Calculate the remainder when s is divided by k.
13
Suppose 323*j + 13302 = 341*j. What is the remainder when j is divided by 74?
73
Let i(a) = -2*a + 5. Let s = -3 - -7. Let j be i(s). What is the remainder when 27 is divided by 14 + 1*(j - -4)?
12
Let i = -16 + 29. Let u = -4 - -39. What is the remainder when u is divided by i?
9
Let w(x) = -x**3 - 22*x**2 + 17*x + 189. Calculate the remainder when w(-23) is divided by 66.
63
Let g = -66 + 72. Suppose -g*o + 1416 = 6*o. Calculate the remainder when o is divided by 30.
28
Let d = 79 - 42. Suppose 2*h + c = 33 + 37, c = -h + d. Suppose -175 = 3*j - 466. What is the remainder when j is divided by h?
31
Let p(t) = t**3 + 6*t**2 + 2*t. Let d be p(-5). Suppose 0 = 126*c - 129*c + 75. What is the remainder when c is divided by 4/10 + 129/d?
7
Suppose 0 = -2*k - 4*j - 4, 2*k + 1 + 9 = -j. Let v(c) = -6*c - 26. What is the remainder when 37 is divided by v(k)?
7
Suppose 0*y + 5*r = -3*y + 139, -190 = -4*y - 2*r. Suppose 0*w = 2*w + y. Calculate the remainder when 67 is divided by (-36)/w + (-33)/(-2).
13
Let a(h) = 152*h**3 - 3*h**2 + h + 1. Let g(b) = -b**2 - 6*b + 1. Let i be g(-6). Calculate the remainder when a(i) is divided by 19.
18
Let d = 341 - -239. Calculate the remainder when d is divided by 73.
69
Let c = 5451 - 5408. What is the remainder when 71*3 + -1*1 is divided by c?
40
Let w(a) = 221*a**2 - 6*a + 2. Calculate the remainder when w(-1) is divided by 78.
73
Let f be 6/4*2/(-3). Suppose 15 = l - 2*b, 365 - 360 = 2*l + b. Calculate the remainder when l is divided by f + 3 + 4/2.
1
Let r(i) = -2*i + 5. Let b be r(3). Let v(d) = -5*d - 1. Let z be v(b). Suppose 0 = -z*t + 39 - 11. What is the remainder when t is divided by 3?
1
Let g = 3 + 4. What is the remainder when g is divided by (-10)/(-30)*-6*6/(-4)?
1
Suppose -172*v + 160*v + 120 = 0. What is the remainder when 96 is divided by v?
6
Let o(a) = -a**2 + 12*a - 9. What is the remainder when o(8) is divided by (-38)/(-4) + (-13)/26?
5
Let g(l) = -l**3 - 19*l**2 - 25*l - 15. Let t be g(-19). Suppose -7*d + 11*d - t = 0. Calculate the remainder when d is divided by 13.
11
Let u be (-1 - 154)/((-7)/105). What is the remainder when u/18 + 4/(-24) is divided by 33?
30
Let f be (1 - 1)/(9 + -7). Suppose f = s + s - 314. Suppose -c + 3*m = -53, 4*c + 4*m = 5*m + s. Calculate the remainder when c is divided by 13.
12
Let t = -19 - -38. Suppose -21*i + 62 = -t*i. Let l(j) = -j**2 + 7*j - 1. What is the remainder when i is divided by l(3)?
9
Let q(v) = 9*v - 18. Let g be q(11). Let o = -11 + 15. Calculate the remainder when 3/(-12) + g/o is divided by 11.
9
Suppose 5*p - 270 = -5*q, -4*p = -2*p - 2. Let n = -29 + q. What is the remainder when n is divided by 13?
11
Let k = 33 + -20. Calculate the remainder when (-1 + 6)/((-5)/(-25)) is divided by k.
12
Suppose -52*n + 2351 = 271. What is the remainder when n is divided by 24?
16
Let f = -35 - -55. Let m(a) = 4*a - a**2 + 7 + 5 - 1. Calculate the remainder when f is divided by m(5).
2
Suppose 0 = -3*a - u - u + 55, 5*a - 83 = u. Let b = a - -20. Let k = -839 - -847. What is the remainder when b is divided by k?
5
Calculate the remainder when 349 is divided by (-8)/24*3 + 15.
13
Let t(y) = 3*y**2 + 4*y - 5. Suppose 0 = -16*b + 389 + 59. Calculate the remainder when t(-5) is divided by b.
22
Suppose -z - 4*c = -509, 0 = 3*z - 3*c - 668 - 799. What is the remainder when z is divided by 16?
13
Let k = -65 + 120. What is the remainder when ((-107)/((-130)/20 + 7))/(-2) is divided by k?
52
Let t be (4 + 8/(-2))/(-2). Suppose 2*d - 6 = -t*d + 2*c, 0 = -c + 5. What is the remainder when d is divided by 3?
2
Let j(n) = n**3 - 3*n**2 + 1. Let b be j(3). Suppose 0 = -3*m - b + 28. Let r = -23 - -39. What is the remainder when r is divided by m?
7
Let k be (-116)/10 + (-4)/10. Suppose 0 = -55*s + 7*s + 720. Calculate the remainder when 2/8 - 525/k is divided by s.
14
Suppose h - 5*h = 2*j - 302, h + 5*j = 53. What is the remainder when h is divided by (-16)/(-3)*(7 + (-8)/2)?
14
Let s = -3 - -7. Suppose -5*p + 23 = -12. Let y = p - s. What is the remainder when 8 is divided by y?
2
Suppose -37*n = -7096 - 2894. Calculate the remainder when n is divided by 39.
36
Let s(u) = 2*u - 8. Let w be 2/(-13) + 6413/(-143). Let y = 54 + w. Calculate the remainder when y is divided by s(6).
1
Let i be (40/18)/((-5)/15)*-18. Let t = 71 + i. Calculate the remainder when t is divided by 65.
61
Suppose 3*r + 2*r - 4*a = 439, -3*a + 194 = 2*r. Calculate the remainder when 545 is divided by r.
90
Let y = 555 + -520. Calculate the remainder when (556/8)/((-1)/(-2)) is divided by y.
34
Let p = 705 - 527. What is the remainder when p is divided by 41?
14
Suppose -12 - 16 = -4*s. What is the remainder when 17 is divided by 2/s - (-47)/7?
3
Suppose -c + o + 2*o + 130 = 0, -472 = -4*c - 4*o. What is the remainder when c is divided by 29?
5
Suppose 0*c = -4*c + 40. Suppose 5*g = -5*x - c, 0*x - 2*x = -4*g + 10. Calculate the remainder when 27 - 4*x/(-6) is divided by 7.
4
Let v = 46 - 20. Let c(s) = -s**3 - 17*s**2 - 29*s - 55. Calculate the remainder when c(-16) is divided by v.
23
Calculate the remainder when 65 is divided by (26/2)/((-7)/(-14)).
13
Let c(i) = 5*i**2 + 33*i - 7. Calculate the remainder when 23 is divided by c(-7).
2
Let y = -81 - -50. Let n = -15 - y. Suppose 4*g - n = -3*j, -4*j - j + 35 = 5*g. What is the remainder when 35 is divided by j?
11
What is the remainder when 0 + (14/(-7) - -18) is divided by 5?
1
Let k be 16 - 0 - (-1 - 0). What is the remainder when (-36)/(-90) + 396/10 is divided by 2 + (k/1 - -2)?
19
Suppose 3*a = 5*a - 3*k - 32, 5*a = 4*k + 66. Suppose 7*s + 88 = 4*w + 4*s, 2*w - s - 46 = 0. What is the remainder when w is divided by a?
5
Suppose 0 = 4*c + 2*b - 50, 2*c - 5*b = 34 - 3. Let i be 1/(-5) - (-156)/30. Calculate the remainder when -10*(i + 0)*-1 is divided by c.
11
Suppose -4*i - 5 + 3 = 3*h, 2 = -i. Suppose -p + 3*t = -70, p = -4*p - h*t + 435. Calculate the remainder when p is divided by 22.
19
Let h = 27 - -24. What is the remainder when h is divided by 14?
9
Suppose -5*j + 508 = 3*w, 0*j + 498 = 3*w + 3*j. What is the remainder when w is divided by 41?
38
Suppose 2*n - 46 = -2*j + 7*n, 4*j + 2*n = 44. What is the remainde